*m + q*m. Calculate the greatest common divisor of 64 and w.
8
Let j be (-8)/68 + 1434/51. What is the highest common divisor of j and 84?
28
Let q = -72 - -120. Calculate the greatest common factor of 6 and q.
6
Let o(d) = 4*d**3 + 2*d**2 - 1. Let x be o(1). Suppose 0 = -x*w - 4*t + 48, -t + 34 = w + 3*w. Calculate the greatest common factor of w and 16.
8
Suppose 0*o - 3*o + 54 = 0. Calculate the greatest common divisor of 162 and o.
18
Suppose -7*t = -2*t - 115. Suppose 521 + t = 4*w. What is the greatest common divisor of w and 17?
17
Suppose 0 = 5*w + 7 + 3. Let c = w - -10. What is the greatest common factor of c and 20?
4
Suppose f = 4*z - 0*f - 14, -3*f - 6 = -3*z. Suppose -173 + 53 = -z*p. Suppose 22 = 5*w - q, w - 5*q = -4*w + p. What is the highest common factor of 32 and w?
4
Let q be (-4)/10 - (-180)/(-50). Let y be ((-9)/(-6))/((-1)/q). Let k be (y + 0)/((-21)/(-14)). Calculate the greatest common divisor of 20 and k.
4
Let c(w) = 5*w - 36. Let i be c(11). What is the highest common factor of 209 and i?
19
Let p(k) = 178*k**3 - 2*k**2. Let c be p(1). What is the highest common divisor of 22 and c?
22
Let r(d) = -3*d - 2. Let n be r(-4). Suppose n*p + 280 = -3*a + 5*p, 479 = -5*a + 4*p. Let y = -25 - a. Calculate the greatest common divisor of y and 28.
14
Let w(t) = 16*t**3 + 2*t**2 - 3*t + 2. Let h be w(2). Calculate the greatest common factor of 12 and h.
12
Let j(x) = x**3 + 2*x**2 - x. Let r be j(-2). Suppose 3*q + t - r*t - 52 = 0, -3*q - 2*t = -40. Calculate the highest common factor of q and 40.
8
Let d be (-32)/(-6) - 1/3. Let s = d - 0. Suppose -5*w + 104 = -0*w - 2*k, -4*w = 4*k - 72. What is the highest common divisor of w and s?
5
Let v = -5 + 9. Suppose -v*x - 3 = -n + 19, 0 = -2*n - 4*x + 68. Calculate the greatest common divisor of 10 and n.
10
Let m be (3/4)/((-4)/3088). Let a be 6/39 + m/(-39). What is the highest common divisor of 15 and a?
15
Suppose g - 2*g = -4. Let q = 23 + -19. What is the highest common factor of q and g?
4
Let y be (-348)/(-48) + (-2)/8. Calculate the greatest common factor of 14 and y.
7
Let n = 21 - -2. Calculate the highest common divisor of n and 161.
23
Let p be 279 + 0 + -2 + 1. Let x be p/8 - (-1)/4. Suppose 0 = -m + 2*r - 4*r + 17, 5*r - 25 = 0. Calculate the highest common factor of m and x.
7
Let n(s) = s - 4. Let u = -33 + 47. Let z be n(u). What is the greatest common factor of 10 and z?
10
Let l = -64 - -76. Calculate the highest common divisor of 132 and l.
12
Let j be 2/(15/(-6) - -3). Calculate the highest common divisor of 36 and j.
4
Suppose -z + 4*o - 14 + 0 = 0, 0 = -5*z + 3*o - 2. Calculate the highest common divisor of z and 20.
2
Suppose -x = 4*x + b - 96, 2*x = -4*b + 24. What is the greatest common factor of 4 and x?
4
Suppose 0 = -k - 3*k + 40. Suppose 0 = 2*m - 34 - k. Calculate the highest common divisor of m and 176.
22
Let p(l) be the third derivative of -1/8*l**4 - 2/3*l**3 + 1/60*l**5 + 2*l**2 + 0 + 0*l. Let v be p(6). What is the highest common divisor of 35 and v?
7
Let n(h) = h. Let d be n(-6). Let u be (-26)/d + (-2)/6. What is the greatest common factor of u and 32?
4
Suppose 0 = 5*c - 2*n - 234, 6 = -2*n - n. Suppose -4*h + c = -158. What is the greatest common factor of h and 34?
17
Let i = -4 + 11. Calculate the greatest common divisor of i and 1.
1
Let y be (-2)/(-5) + 23/5. Suppose 148 = y*a - 102. Calculate the highest common factor of 20 and a.
10
Let j(i) = 5*i + 0 - 2 + 0 - 5*i**2 - i**3. Let n be j(-6). Let t be -3 + (-5 - (-3 - 7)). Calculate the greatest common divisor of t and n.
2
Let a be 292/16 - (-2)/(-8). What is the greatest common divisor of 162 and a?
18
Let s = 25 + -7. Suppose 2*x + 6 = s. Calculate the highest common factor of x and 2.
2
Let p(t) = 4*t**3 + t**2 + 4*t - 4. Let r be p(2). Calculate the highest common factor of 16 and r.
8
Let v = -15 - -30. What is the highest common divisor of 20 and v?
5
Suppose -75 = -5*p - 4*k, p - 2*p - k + 15 = 0. What is the highest common divisor of 120 and p?
15
Suppose u = -4*u + 10. Suppose -u*g = 3*g - 315. Let j = -37 - -58. What is the highest common factor of g and j?
21
Suppose -6*t + 9*t = 303. Let w = t - 17. What is the greatest common divisor of w and 21?
21
Suppose 0*h + 4*w = -2*h - 20, 0 = h - 3*w - 10. Let y be 25/h*(-14 + 0). Suppose 4*f - y = -35. What is the highest common factor of 7 and f?
7
Let l = 19 - 13. Suppose 2 = 2*d + r - l*r, 2*r + 8 = 2*d. Calculate the greatest common factor of 12 and d.
6
Suppose -4*r = -3*h - 59 + 183, -4*r + 8 = 0. What is the greatest common divisor of h and 4?
4
Let o be (25/(-10))/(3/(-18)). Suppose g + 3*k = 120, -k + 515 = 4*g + 4*k. What is the highest common factor of o and g?
15
Let m(t) = t + 2. Let i be m(5). Suppose -2*n + 9*u + 50 = 4*u, -3*n + 113 = 2*u. What is the greatest common divisor of n and i?
7
Let z = 7 - 15. Let n be (7/4)/((-2)/z). Suppose 2*j = n*j - 55. Calculate the highest common divisor of j and 44.
11
Let l = -1 - -1. Suppose 3*n - 15 = l, 0*i - 2*n + 1 = -i. Let b be (27/36)/((-46)/48 + 1). What is the highest common factor of b and i?
9
Suppose -1 - 17 = -s - 3*l, s - 4*l = -10. Let d be s/(-9) + (-146)/6. Let p be (-24)/10*d/10. What is the greatest common factor of p and 30?
6
Let v(r) = -r**3 - 6*r**2 - 8*r - 7. Suppose 3*i + 2*i = -25. Let b be v(i). Calculate the greatest common factor of b and 8.
8
Let j(p) = -p + 8. Let r be j(8). Let u be 4 - 4 - (r + 14). Let c be u/(-2) + (3 - 2). What is the highest common factor of 40 and c?
8
Suppose -4*l + 4*j + 40 = 12, -2*l - j = -26. Calculate the highest common factor of 1 and l.
1
Let d(m) = -m**2 + 11*m - 10. Let j be d(9). What is the highest common divisor of 2 and j?
2
Suppose 450 = -5*h - 5*c - 0*c, 5*h = -4*c - 450. Let u be ((-28)/35)/(4/h). Let g(r) = 2*r + 2. Let o be g(2). What is the greatest common divisor of u and o?
6
Let i(v) be the first derivative of v**4/4 + v**3 - v**2/2 - 2*v + 5. Let t be i(2). Calculate the greatest common factor of t and 16.
16
Let g be (-12)/(-10)*(-25)/(-10). Let p be (6 + g)/(-3)*-7. Calculate the highest common factor of 189 and p.
21
Let q be 18 - 4*(-3)/6. What is the greatest common factor of 80 and q?
20
Suppose 0 = -5*d + 3*d + 38. Calculate the greatest common factor of d and 19.
19
Let k be (-3 + (-41)/(-4))*(6 + -2). Calculate the highest common factor of 87 and k.
29
Suppose -12 = -3*t - 0*f - 3*f, f + 1 = 0. Let z(j) = j**2 + 6*j + 2. Let u be z(t). Calculate the highest common factor of u and 38.
19
Let d be ((-736)/12)/((-22)/33). Calculate the greatest common divisor of d and 4.
4
Let f(t) = -t**2 + 15*t - 26. Let p be f(11). What is the highest common divisor of 36 and p?
18
Let t = 10 - 7. Suppose -4*n = w + t*w - 12, 4*w - 5*n = 30. Suppose 90 = -2*z + w*z. Calculate the highest common divisor of z and 20.
10
Suppose -13 + 3 = 5*m. Let x be -3*m/6 - 5. Let u = x + 9. What is the highest common factor of u and 2?
1
Suppose 0 = 4*v - 471 + 55. Calculate the highest common factor of 13 and v.
13
Let z be 4/5 + 92/10. Let h be 4/(-8)*2 - -16. What is the highest common factor of z and h?
5
Let b be (-20)/(-11) - (-4)/22. Suppose -a = -b*a. Suppose -7 + a = -n. Calculate the greatest common factor of 21 and n.
7
Suppose -3*g = -2 - 121. Let f be 3*2/6 + 28. Let q = g - f. What is the greatest common factor of 6 and q?
6
Let u be (-401)/7 - 10/(-35). Let h = u + 33. Let r = -4 - h. Calculate the greatest common divisor of 30 and r.
10
Suppose 27 = -3*q + 123. Let n = 89 - 125. Let s be (-4)/(q/18)*n. What is the highest common factor of s and 9?
9
Let n(t) = -t**3 - 6*t**2 - 4*t - 5. Let j be n(-6). Suppose 4*p - 6 = 2. Suppose 0 = y - p*w + 5*w - 47, 3 = w. What is the greatest common divisor of j and y?
19
Suppose -4*i + 62 = -5*c, 5*i - 82 = c - 15. What is the greatest common factor of i and 117?
13
Let f = 6 + 174. Calculate the greatest common factor of f and 18.
18
Suppose 4*h - b = -2*b - 13, -3*h - b = 10. Let x(r) = -2*r - 2. Let j be x(h). Calculate the highest common divisor of j and 10.
2
Let i = 51 - 43. Let a be (-1)/(1 - (1 + -1)). Let t(n) = 89*n**2 + 2*n + 1. Let y be t(a). What is the highest common factor of i and y?
8
Suppose -2*s + 4*s - 570 = 0. Suppose w = -4*w + s. What 